 + 6. Give w(k).
11
Let c(l) be the third derivative of -1/120*l**5 + 0*l + 0 - 13/3*l**3 + 0*l**4 - 9*l**2. Let p(t) be the first derivative of c(t). Give p(0).
0
Let o = 25 - 6. Suppose -11*z = -14 - o. Suppose -4*f - l = -f + 19, -4*f - 8 = -z*l. Let i(a) = a**3 + 4*a**2 - 5*a - 7. Give i(f).
-7
Let q(x) = -4*x**2 - 69 + 60 + 14 - 3*x. Let d(f) = 5 - 4 + 2*f - 3*f. Let o(v) = -6*d(v) + q(v). Give o(2).
-11
Let o(w) be the first derivative of -w**3/3 + 7*w**2/2 - 2*w - 48. Let x be 3/2*(-4)/6. Let b(c) = -5*c**3 - c**2 - 2*c - 1. Let r be b(x). Calculate o(r).
8
Let r = -587 - -589. Let w(c) = -5*c - 4*c**2 + c**3 + 0 - 3 + 12 - 2*c**r + c**2. Calculate w(6).
15
Let d(h) = -121*h + 88. Let x(o) = 83*o - 88. Let w(b) = -2*d(b) - 3*x(b). Give w(12).
4
Let r(j) be the second derivative of -j**5/20 - 7*j**4/12 - 5*j**3/3 + j**2/2 + 944*j. What is r(-5)?
1
Let c(k) = -k**3 - 8*k**2 - 16*k - 16. Let r be c(-6). Let o = -6 + r. Let f(a) = -7*a - 3*a - o + 11*a. Determine f(6).
4
Let j = -5117 + 5120. Let v(p) = p**2 + 5*p - 27. Determine v(j).
-3
Suppose -23*x + 27*x - 8 = 0. Let k be 2/(-4)*2 - (-1 + x). Let o(z) = z**3 + z**2 + 2*z + 2. Calculate o(k).
-6
Let p(s) = -55*s**2 - 7*s + 16. Let c(r) = -13*r**2 - r - 1. Let z(h) = -5*c(h) + p(h). Calculate z(0).
21
Let k be 4/6*5*(-6849)/1522. Let f(g) = g**2 + 20*g + 19. Give f(k).
-56
Suppose 19 = 5*i + 4*k, 3*k = -37 + 40. Let w(r) = 5*r**2 + 9*r - 10. Give w(i).
62
Suppose 3*b = j + 6, 5*b - 9 = 2*b. Let p(u) = -3*u**2 + 0 - u**j + 6*u**2 - 7 + 5. Give p(2).
2
Let v(k) = 3*k - 6. Let z = -23 - -27. Let g(c) = 4*c**3 - z*c + 9*c - 3*c**2 - 3*c**3 - 2*c**2. Let l be g(4). Calculate v(l).
6
Let v(k) be the second derivative of k**6/120 + k**5/12 + k**3 - 79*k**2/2 + 2*k + 137. Let n(l) be the first derivative of v(l). Calculate n(-5).
6
Suppose -3*a - 6 = -0. Suppose -g - 3*m + 19 = 0, 3*m + 2 - 1 = g. Let t(k) = g*k - 4*k - 3*k + 3*k + 3. What is t(a)?
-9
Suppose 5*d = -3*u + 12 + 218, 2*u + 4*d = 154. Suppose -u = -9*s + 15. Let p(q) = -6*q - q**2 + s - q - 8 - 6. Give p(-5).
6
Let a(w) be the third derivative of -w**6/120 + 11*w**5/60 - 11*w**4/12 + 2*w**3 + 218*w**2. Calculate a(5).
52
Let i(n) = -46*n**2 - 46*n + 32. Let b(w) = -26*w**2 - 24*w + 16. Let y(x) = -7*b(x) + 4*i(x). Calculate y(1).
-2
Suppose 3*q - 4*q + 13 = 2*p, 19 = 3*q + p. Let j(m) = 2*m**3 - m**2 - m. Let x(n) = 7*n**3 - 8*n**2 - 3*n + 7. Let s(a) = 3*j(a) - x(a). Give s(q).
-7
Let v(x) = x**3 - 6*x**2 - 6*x - 6. Let y(l) = 6*l**3 + l**2 + l. Suppose 6*z = -2*z - 8. Let h be y(z). Let t be (-9)/h - 11/(-2). Give v(t).
1
Let b(i) be the third derivative of i**5/30 - 5*i**4/24 + 13*i**3/6 - 29*i**2 + 2*i. What is b(6)?
55
Let f(n) be the third derivative of n**5/60 - n**4/4 - 15*n**3/2 + 4*n**2 - 6. Let g be f(10). Let d(p) = -p + 5. Determine d(g).
10
Let y(x) = x - x + 737*x**2 - 745*x**2 - 1 + 0*x. Give y(-1).
-9
Let v(p) = p**2 - 2*p + 1. Let k(a) = -7*a**3 + 4*a**2 - 14*a + 9. Let u(s) = -k(s) + 6*v(s). What is u(2)?
65
Suppose 75*c = 18510 - 18960. Let m(j) = j**3 + 4*j**2 - j + 42. Give m(c).
-24
Let i(n) be the first derivative of 9*n**4/4 + 2*n**3/3 - n**2/2 - n + 1011. What is i(-2)?
-63
Let v = -12167 - -12160. Let k(j) = j**3 + 6*j**2 - 21. Calculate k(v).
-70
Let z(h) = -2*h**2 - 20*h - 21. Suppose -9*f - 36*f = 405. Calculate z(f).
-3
Let a(t) = -6*t + 15. Suppose -10*w + 153 = 27*w - 32. Calculate a(w).
-15
Let z(r) be the first derivative of -r**4/4 + r**3 + 11*r**2/2 - 5*r - 2015. Calculate z(5).
0
Suppose -5*l = -y - 3*y + 12, y - 2*l - 3 = 0. Suppose y*h - 3 = -0. Let w(s) = -247*s - 7. Let i(t) = -106*t - 3. Let a(b) = -7*i(b) + 3*w(b). Determine a(h).
1
Let d(s) = 3*s**2 + 9*s - 1. Let u(w) be the third derivative of w**5/4 + 47*w**4/24 - 7*w**3/6 - 171*w**2. Let p(k) = 11*d(k) - 2*u(k). Give p(-3).
15
Let m(n) = 1466*n + 1497*n - 2911*n - 22. Determine m(1).
30
Suppose 2*o + 29 = -a - 3*o, a + 25 = -4*o. Let t(c) = c**2 + 8*c + 1. Let w = 47 - 42. Let p(g) = g**2 + 8*g. Let d(m) = w*p(m) - 6*t(m). What is d(a)?
-15
Let u(c) = c**3 - 5*c**2 - 5*c + 6. Suppose -6*f = 6*f - 48. Suppose 3*j - 5 = 2*q, f*q - 5 = -j + 6. Suppose -a - 4*z + 2 = -7, -j*z = a - 8. Give u(a).
-19
Let j(b) = b**3 + 5*b**2 - 2*b - 9. Let t be ((-420)/(-15))/(-4) - -2. Determine j(t).
1
Let g(f) = f**3 - 15*f**2 + 17*f + 9. Let c(n) = -3*n**3 + 47*n**2 - 49*n - 28. Let h(o) = -2*c(o) - 7*g(o). Calculate h(3).
2
Let a(j) = j. Let g(f) = -f + 19. Let m(d) = -2*a(d) + g(d). Suppose 45 = -106*s + 115*s. Let u(p) = -5*p + 28. Let l(i) = s*u(i) - 8*m(i). Give l(-7).
-5
Let x(g) = -g - 11 + 16 - 11. Let q(o) = -5*o**2 + 33*o - 21. Let p be q(6). Calculate x(p).
-3
Let m(t) = 10*t - 24. Let h be (-2)/((-442)/(-39) - 12). What is m(h)?
6
Let j be 21*(-5)/(-15)*6/(-7). Let a be (-30)/j - (-2 + 3/(-3)). Suppose -54 - 34 = -a*t. Let i(s) = -s + 6. Determine i(t).
-5
Suppose -4 = -5*a + n, 2*a + 7*n = 2*n + 34. Let r(p) = 10*p + 5. Give r(a).
25
Let a(t) = -2*t**2 - 8*t + 26. Let o(l) = 236*l - 1191. Let d be o(5). Calculate a(d).
-128
Let a(n) = n**3 - 10*n**2 + 10*n - 6. Suppose -1 - 8 = -y. Let j be a(y). Let b(w) = -j*w + 3*w + 5 - 5*w + 2*w. What is b(6)?
-13
Suppose 5*p + 5*q = 3*q + 310, 9*q = p - 15. Let j(b) = b**3 - 59*b**2 - 63*b + 175. Let z be j(p). Let k(g) = -2 + 0 - 5*g - 2*g**2 + g**2. What is k(z)?
-2
Let k(r) = 7*r**3 - 5*r**2 - 6. Let b(n) = 19*n**3 - 13*n**2 - 18. Let h(z) = 4*b(z) - 11*k(z). Calculate h(0).
-6
Let k(m) = -m**3 + 4*m**2 + 4*m - 4. Let d(j) = -j**3 + 3*j**2 + 3*j - 4. Let r(x) = -5*d(x) + 4*k(x). Let b(t) = t**2 + 51*t - 1333. Let w be b(19). Give r(w).
-17
Let d(j) be the third derivative of 5/6*j**3 + 0*j - 11 + 1/12*j**4 - 3*j**2. Let m(y) = 5*y**3 + y**2 + y + 1. Let k be m(-1). What is d(k)?
-3
Let t(k) = 133 - 24 + 5407*k + 5415*k - 10815*k. Determine t(-16).
-3
Let h be (2/(-5))/((-3)/(-30)). Suppose -5*d = -6*g + 2*g - 18, 2*d - 5*g - 14 = 0. Let v(k) = -k**2 + k - 3*k + 0 + 7 - d. Determine v(h).
-3
Let f = -1382 + 1383. Let j = 9 - 3. Let x(w) = -1 - j*w + 3*w + 2. What is x(f)?
-2
Let q(r) be the first derivative of 8*r**2 + 26*r - 635. Give q(-2).
-6
Let d(q) = -7*q**2 - 7*q + 5. Suppose 66 = -4*g + 74. Let u(f) = 5*f**2 + 7*f - 4. Let x(o) = g*d(o) + 3*u(o). Calculate x(-5).
-12
Let k be 8/3 - (-2)/(-3). Let v be (1 - k) + 1 + 3. Let l(s) = -17*s**2 + 91*s**2 - 1 + 5*s - 20*s**2 - 55*s**2 - 1 - s**3. Determine l(v).
-23
Let x(c) = c**3 - 4*c**2 - 7*c + 5. Let h = 842 - 830. Suppose -495*y = -492*y - h. Give x(y).
-23
Let k(z) = -z**3 - 4*z**2 + 12*z. Let q = -237 + 243. Suppose 24 = -10*c + q*c. Give k(c).
0
Let b(q) = -30*q**2 + 2*q + 76. Let n(r) = 31*r**2 - 62. Let u(o) = 5*b(o) + 6*n(o). What is u(-1)?
34
Let v = -115 - -103. Let f = -4 - v. Let g(r) = -r**3 + 7*r**2 + 8*r - 7. Determine g(f).
-7
Let p(d) be the third derivative of -d**6/60 - d**5/30 + d**4/24 - d**3/6 + 94*d**2. Suppose 0 = -2*q - 4*w - 12, 3*w + 20 = 4*q - 0*q. What is p(q)?
-23
Suppose 0 = -3*y - 7*y + 50. Suppose 3*t = -u + 11, t = y - 3. Let n(a) = a**3 - 6*a**2 + 7*a - 5. Give n(u).
5
Let d be 3*4/(-6) + 2. Let j(b) = 3*b + 1794. Let y(w) = -2*w - 998. Let a(m) = 5*j(m) + 9*y(m). Determine a(d).
-12
Let w(x) be the second derivative of -7*x**3/6 - 16*x**2 - 339*x. Determine w(-4).
-4
Let o(n) = -n**2 + 3*n + 8. Let c be o(-3). Let x be (-7 - -8)/((-2)/c). Let u be 11 + -11 - (x + 0) - 2. Let a(k) = k - 3. Calculate a(u).
-10
Let a(t) be the second derivative of t**4/12 + 5*t - 3. Let l(u) = u**3 + 2*u**2 + 4. Let m(r) = 5*a(r) + l(r). What is m(-7)?
4
Let f(i) = 6*i + 53. Let h(t) = -13*t - 106. Let d(u) = -5*f(u) - 3*h(u). Let g be 4392/(-648) + (-4)/18. Let o be d(g). Let q(j) = -j - 13. Determine q(o).
-3
Let q = 11999 + -11999. Let a(z) = 7*z + 33. Give a(q).
33
Let w(q) = q - 8. Suppose -t = 5 + 55. Let m(a) = -17*a**2 - 251*a - 6. Let d be m(-15). Let o = t - d. Calculate w(o).
-2
Let q(b) = -3*b + 1. Let m(t) = -3 + 5*t - t + 3*t + t. Let a(w) = -4*m(w) - 11*q(w). Let g = 20 - 22. Calculate a(g).
-1
Let r(m) = -5*m. Suppose -5 + 5 = 13*a. Suppose -w - 4 = -a. What is r(w)?
20
Let w = -38 - -46. Suppose 9*m - w*m - 4 = 0. Suppose -m*z + 19 = 5*v, -13 = -2*z + 3*v - 2*v. Let g(d) = -d - 4. Calculate g(z).
-10
Let l